dreds digit of (-11 - (7555 + 14))/((-3)/(-3) - 2)?
5
Suppose 651 = 2*w + 3*y, -3*w - 4*y + 107 + 870 = 0. Suppose -3*o - 602 = -2*f, 916 = 3*f + 4*o + 30. Suppose 0 = -5*t + w + f. What is the tens digit of t?
2
Let h(b) = -b**3 + 2*b**2 - b + 6. Let f = 296 - 299. What is the tens digit of h(f)?
5
Suppose 2*z - 2*p = -0*z + 4864, 0 = -4*z + p + 9713. Suppose 0 = -6*b + z + 2913. What is the tens digit of b?
9
Suppose 2*j - 90 = 2*c - 16, -178 = -4*j - 2*c. Suppose -3*y + j = 2*u - y, -2*y - 133 = -5*u. Suppose -p - 5 = -u. What is the units digit of p?
0
Let q = -44 - -83. Suppose 9*j = 8*j + 121. Suppose j = -q*s + 40*s. What is the tens digit of s?
2
Let v(o) = -22*o - 8. Let u be v(3). Let m = u + 55. What is the units digit of 1 + 1 - 57/m?
5
Let z be (0 - -4)/(5*20/75). Suppose -2*t - 5*k + k + 28 = 0, -5*k = -20. Let o = t - z. What is the units digit of o?
3
Let d(z) = 4*z - 8. Let p = -20 - -7. Let a(x) = x + 23. Let o be a(p). What is the tens digit of d(o)?
3
Suppose 5*c + 5*o - 93650 = 0, -30382 = -3*c + 2*o + 25843. What is the ten thousands digit of c?
1
Suppose -4066 = -12*t - 7*t. Suppose -6*l = t - 820. What is the tens digit of l?
0
Let o = -42 - -38. Let k = o + 10. What is the tens digit of (1 + -4 - 43/(-2))*k?
1
Suppose -5*b = -4*x - 65934, -4*b + 4*x + 33001 + 19743 = 0. What is the hundreds digit of (-4)/(-6) - (-3 - b/15)?
8
Let o be 48/24*(163 + 0)*-1. Let k = o - -629. What is the hundreds digit of k?
3
Suppose -12*h + 11*h - 29359 = -2*n, 27*n - 396476 = -5*h. What is the tens digit of n?
8
Let w(x) = 1483*x - 12. Let v be w(2). Suppose v = -43*m + 50*m. What is the tens digit of m?
2
Suppose p - 133418 = -4*u + 105873, 3*p = u - 59839. What is the tens digit of u?
2
Suppose -2*n + 10 = 0, -1782 + 10035 = 3*a + 3*n. What is the units digit of a?
6
Suppose 5*h = 5*m + 4019 - 11999, 5*m + 2*h - 7938 = 0. What is the thousands digit of m?
1
Suppose -2*w - 4*i - 32 = 0, -4*w - 12 = -2*i + 32. Let p be (w/2)/(6/(-4)). What is the units digit of p/(-12) + 44/6?
7
Suppose 0 = r + i - 350, -2*r - 5*i + 374 + 323 = 0. Let w = 127 + r. What is the tens digit of w?
7
Let l be ((-27)/(-9))/1*4/6. Let f be (l/(-6))/(2/(-24)). Suppose -3*p + 861 = f*d, 5*d + 5*p + 463 = 7*d. What is the tens digit of d?
1
Let b be 31*((-4)/14 - 9/(-7)). Suppose 16569 - 2774 = b*r. What is the units digit of r?
5
Let x(m) be the third derivative of -7*m**4/24 - 13*m**3/6 - 11*m**2. Let b be x(-3). What is the units digit of 828/26 - (b/26)/(-2)?
2
Let u = 71 - 92. Let g(p) = 17*p + 40. Let v be g(u). Let n = v + 444. What is the tens digit of n?
2
Let h = -187 + 194. Let x be ((-2)/(-6))/(2/18). Suppose -k + 9 + h = -y, x*k - 40 = 5*y. What is the tens digit of k?
2
Let s = 93 - 24. Let h = -58 + s. Suppose 3*x - 4*v - 152 = 0, -4*x - 9*v + h*v + 206 = 0. What is the units digit of x?
2
Let u be (-2 - 2*4)/(-9 + 10). Let a be -68*u/(-12) + (-6)/(-9). Let b = -32 - a. What is the units digit of b?
4
Suppose -1 - 12 = -n. Suppose n*x = 9492 + 4080. What is the hundreds digit of x?
0
Let j = 116 + -82. Let q be j/(-4)*(-1 - (5 - 0)). Suppose 2*u - 38 = -d, 4*d + 4*u = 191 - q. What is the tens digit of d?
3
Suppose 25*c = 29*c - 1196. Let k = -149 + c. What is the hundreds digit of k?
1
Suppose -35 + 5 = -6*l. Suppose -3*s + 3*o = l*o - 2846, 0 = -s + 2*o + 946. What is the tens digit of s?
4
Let i be ((-144)/27)/(2/12). Let v = 80 - i. What is the hundreds digit of v?
1
Let y(n) = 22*n**3 + 2*n**2 - 3*n + 6. Let m be y(3). Suppose -3*c - 5*v + 611 = -2*c, -c + m = 4*v. What is the tens digit of c?
0
Let w be (3 + (-1 - 2))/(-2). What is the units digit of (w - (-16)/(-12))/(2/(-588))?
2
What is the thousands digit of -129*(300/(-525) + (-3658)/42)?
1
Suppose -z + 3*l + 21 = 2*z, -4*l - 18 = z. Let s(d) = 20*d**2 + 1656*d - 20. Let b be s(-83). What is the units digit of 3*z/12*b?
6
Let p(b) = -2*b**3 + 102*b**2 + 53*b + 138. What is the tens digit of p(51)?
4
Suppose 0 = -4*v - 13*k + 9*k + 158616, -79298 = -2*v - 4*k. What is the units digit of v?
9
Let h(y) = 43*y**2 + 71*y + 1803. What is the hundreds digit of h(-22)?
0
Suppose 3*h - 14*x = -19*x + 222382, -20 = 5*x. What is the hundreds digit of h?
1
Let x = 1589 + -745. Suppose x = 24*t - 22*t. What is the tens digit of t?
2
Let r = 8937 + 2924. What is the hundreds digit of r?
8
Suppose -8*b - 62642 + 183898 = 0. What is the tens digit of b?
5
Let a = 20209 - 7300. What is the hundreds digit of a?
9
Suppose 4*r - c - 95553 = 16350, 4*c = 2*r - 55948. What is the ten thousands digit of r?
2
Suppose 511 = 2*u - u. Suppose 5*x - 432 = x + 5*v, 0 = 5*x + v - u. Suppose 2*b + 2*b = 4*l + 364, -x = -b + 5*l. What is the tens digit of b?
8
Let s = 601 + -599. Suppose s*v - 2230 = -x - 3*x, 2*x = -2*v + 1112. What is the units digit of x?
9
Let p(v) = 12*v**3 - 22*v**2 + 6*v + 39. What is the hundreds digit of p(10)?
8
Let j(v) = v**3 - 19*v**2 - 54*v + 74. Let k(s) = -7*s + 78. Let t be k(8). What is the hundreds digit of j(t)?
3
Let x be (-1)/((-1)/2 + (-14)/(-84)). Suppose x*i + 5 = -2*v - 21, -4 = 2*i. What is the units digit of 96/v*(-30 - -20)?
6
Suppose 2*m - 58 = 4*s, -4*m = 2*s - s - 8. What is the tens digit of (-11)/(7 + s + 248/50)?
7
Let v = -297 - -839. Suppose -5*q - v = -2522. What is the hundreds digit of q?
3
Let y = -30 - -33. Suppose -8 = -w + 2*w - c, 3*w = -y*c - 54. Let b = w - -36. What is the units digit of b?
3
Let t = -3910 - -6570. What is the units digit of t?
0
Suppose -4*f + 4*u + 40896 = 0, 5*u = -11*f + 13*f - 20457. What is the thousands digit of f?
0
Let i(z) = -6*z + 98. Let g be i(16). Suppose g*h - q = 167 + 1390, 5*h = -4*q + 3899. What is the hundreds digit of h?
7
Let t(l) = 48*l**2 + 284*l - 68. What is the thousands digit of t(-30)?
4
Let q(u) = u**3 + 33*u**2 + 47*u - 67. Let z be q(-21). Suppose 33*b - 3022 = z. What is the units digit of b?
0
Let b(y) be the third derivative of -y**6/40 - y**5/10 + 3*y**4/8 + 7*y**3/3 - 34*y**2. What is the thousands digit of b(-8)?
1
Suppose 80 = -4*i + 24*i. What is the hundreds digit of i/10 + ((-458864)/70)/(-17)?
3
Suppose 159 = -l - 101. What is the hundreds digit of (300/125)/((-522)/l - 2)?
3
Let l(p) = -42*p + 641. Let h be l(8). Suppose 0 = c - 12 + 2. Suppose 5*d = c*d - h. What is the tens digit of d?
6
What is the tens digit of (-69780)/(-8)*5/(50/12)?
6
Suppose 6*o - 24 = -0*o. Suppose o*r - 12*r + 15040 = 0. What is the tens digit of r?
8
Let q(p) = -998*p**3 + p**2 - 2*p - 3. Let i be q(-1). Let g = i - 623. What is the tens digit of g?
7
Let z = -28751 + 53219. What is the hundreds digit of z?
4
Suppose a = 4*i + 6318 + 8364, -3*a + 44098 = i. What is the tens digit of a?
9
Suppose 0 = -5*p - 3*x + 230794, 0 = -78*x + 81*x - 24. What is the tens digit of p?
5
Suppose -1235 = -5*b + 1065. Let a = b - 285. What is the tens digit of a?
7
Let n(c) = -c**3 + 24*c**2 - 2*c - 6. Suppose 0 = -56*k + 38*k + 414. What is the tens digit of n(k)?
7
Let x be -6 + 1489 - (-3 + 5). Suppose 4*o + x = 8*o - 3*f, -4*o + 4*f = -1480. What is the hundreds digit of o?
3
Let f be 12/(-15)*((-175)/(-10))/(-7). Suppose 4*s = j - 231, 0 = -f*s + 1 + 1. Suppose 2*i - j = -3*y, -3*y + 482 = 4*i - y. What is the units digit of i?
2
Suppose 2015*w = 2006*w + 78624. What is the hundreds digit of w?
7
Let u = -737 - -733. What is the hundreds digit of 14752/48 - u/6?
3
Let l = 34 + -14. Let f be 6/(-6) + (-3 - -8). What is the tens digit of 726/f*l/30?
2
Let l(y) = -y**3 + 4*y**2 + 3. Let h be l(2). Suppose r - h = -8. What is the units digit of ((r - -1)/4)/((-1)/(-25))?
5
Let j be (-4*(-2)/8 - 3) + 14. Suppose -359 = -j*y + 2689. What is the tens digit of y?
5
Let n(f) = -65*f + 126. Let o(a) = 64*a - 130. Let z(h) = -7*n(h) - 6*o(h). What is the thousands digit of z(25)?
1
Suppose 9*u - 12*u = 0. Suppose -3*g + 11 = -5*l, u = -5*g + l - 2*l + 9. Suppose -3*p + g*p + 46 = -3*o, -3*p + 188 = o. What is the tens digit of p?
6
Suppose 250*g - 183*g - 13802 = 0. What is the tens digit of g?
0
Suppose 2*a - 70 = -3*y, -a + 0*a - 121 = -5*y. Let c be (-1055)/(-9) + 0 + 34/(-153). Let l = y + c. What is the units digit of l?
1
Suppose t - 25 = -13. Suppose 10*p + t = 9*p. What is the units digit of p/42 - 695/(-7)?
9
Suppose 0 = 3*h + 